3 + 40*h**2 - 39*h - 53. Give o(39).
-53
Let w(v) = v**2 - 107*v + 801. Determine w(8).
9
Let w(o) = -4*o**2 - 118*o - 101. Calculate w(-30).
-161
Let s(z) = 21*z - 31. Give s(-6).
-157
Let v(m) = 5*m**2 - 221*m - 90. Determine v(45).
90
Let i(c) = -68*c + 336. Give i(5).
-4
Let w(v) = 13*v**2 - 84*v + 17. Calculate w(6).
-19
Let g(z) = -z**3 - 11*z**2 + 48*z + 73. What is g(-14)?
-11
Let w(f) = 1165*f - 3472. What is w(3)?
23
Let s(r) = r**3 + 10*r**2 + 21*r - 6. Calculate s(-5).
14
Let f(z) = 1636*z + 3272. What is f(-2)?
0
Let j(h) = 2*h**3 - 136*h**2 + 125*h + 578. Determine j(67).
-25
Let f(u) = -u**3 - 3*u + 79. Determine f(4).
3
Let f(b) = 2*b**2 + 16*b - 65. Determine f(-10).
-25
Let t(m) = 2*m**3 + 162*m**2 + 161*m + 100. Determine t(-80).
20
Let x(l) = -l**2 - 22*l - 62. Give x(-20).
-22
Let m(b) = -16*b - 961. Calculate m(-60).
-1
Let j(v) = 3*v**3 - 52*v**2 + 21*v - 66. Give j(17).
2
Let p(n) = -13*n + 62. Calculate p(2).
36
Let f(d) = 3*d**3 - 4*d**2 - 23*d + 24. What is f(6)?
390
Let m(o) = 3*o**2 - 89*o + 87. Calculate m(32).
311
Let t(a) = -a**2 + 122*a + 41225. Calculate t(-151).
2
Let w(a) = -a**3 - 17*a**2 - 22*a + 304. Calculate w(-14).
24
Let p(b) = -b**2 + 9*b + 254. Determine p(-10).
64
Let k(x) = 32*x - 181. What is k(-12)?
-565
Let n(r) = 234*r - 25298. Calculate n(108).
-26
Let u(n) = 41*n - 229. Give u(6).
17
Let k(x) = 19*x**2 - 5*x + 15. Calculate k(2).
81
Let a(w) = w**3 - 15*w**2 + 7*w + 250. Calculate a(13).
3
Let d(x) = -3*x**2 - 8*x + 377. Give d(10).
-3
Let j(m) = -143*m + 1060. Determine j(9).
-227
Let b(m) = m + 22. Calculate b(10).
32
Let j(n) = -888*n + 13360. What is j(15)?
40
Let l(s) = 54*s + 1663. Determine l(-31).
-11
Let j(u) = -3*u**2 - 26*u + 39. What is j(-9)?
30
Let k(j) = j**2 + 13440*j + 26876. Calculate k(-2).
0
Let c(v) = -v**3 + 4*v**2 - 2*v - 14. What is c(-2)?
14
Let w(m) = -m**3 - 54*m**2 - 114*m - 532. What is w(-52)?
-12
Let a(p) = -p**3 + 27*p**2 - 57*p + 84. What is a(25)?
-91
Let q(m) = -m**2 - 8*m + 53. Give q(7).
-52
Let h(k) = -k**2 + 913*k - 41527. Calculate h(48).
-7
Let w(s) = 5*s**3 - 1658*s**2 + 991*s + 660. What is w(331)?
-2
Let d(k) = -9*k**3 + 144*k**2 + 77*k - 1232. Determine d(16).
0
Let l(p) = -57*p**2 - 22*p - 59. Determine l(-3).
-506
Let b(s) = -20*s - 181. Calculate b(-9).
-1
Let u(t) = t**3 - 11*t**2 + 85*t - 276. Determine u(5).
-1
Let p(d) = d**2 - 25*d - 170. What is p(29)?
-54
Let w(u) = 2*u**3 + 33*u**2 - 17*u - 1. Calculate w(-17).
-1
Let f(t) = -t**2 + 4*t - 38. What is f(17)?
-259
Let x(i) = 73*i + 479. Calculate x(-8).
-105
Let s(g) = g**2 - 30*g - 1360. What is s(54)?
-64
Let x(m) = -m**2 - 739*m + 5973. Give x(8).
-3
Let c(k) = -2*k**2 + 1470*k + 11885. Give c(-8).
-3
Let v(w) = w**2 - 39*w - 82. Calculate v(35).
-222
Let p(w) = 3*w**3 + 20*w**2 - 4*w + 6. What is p(-7)?
-15
Let c(j) = -763*j - 148789. Calculate c(-195).
-4
Let q(x) = x**3 - 5*x**2 - 394*x + 1973. Determine q(5).
3
Let p(h) = -h**3 + 20*h**2 + 204*h - 409. Determine p(27).
-4
Let a(u) = -18*u**2 + 42*u - 124. Give a(3).
-160
Let k(z) = 9*z**2 + 18*z + 24. Determine k(-3).
51
Let v(i) = 28*i**2 - 253*i + 18. Calculate v(9).
9
Let c(a) = -a**2 + 44*a + 317. Determine c(-7).
-40
Let j(b) = -147*b + 2927. Determine j(20).
-13
Let y(v) = -v**3 + 18*v**2 + 67*v - 88. Give y(21).
-4
Let p(h) = 15*h**2 - 14*h - 49. Calculate p(5).
256
Let z(p) = 6*p - 10. Give z(8).
38
Let x(z) = -z**3 - 5*z**2 - z - 25. Calculate x(-6).
17
Let a(l) = 177*l + 755. Give a(-4).
47
Let s(m) = m**3 + 25*m**2 - 121*m - 184. Calculate s(-29).
-39
Let v(i) = 3*i**3 - 39*i**2 + 63*i + 114. Calculate v(11).
81
Let n(p) = -4*p**3 - 47*p**2 + 29*p + 196. What is n(-12)?
-8
Let f(n) = -n**3 - 4*n**2 + 10*n - 12. Give f(-5).
-37
Let f(y) = -61*y + 1707. Calculate f(28).
-1
Let r(g) = -g**2 + 6*g + 3835. Determine r(65).
0
Let h(w) = -246*w**2 - 4923*w - 66. Calculate h(-20).
-6
Let n(b) = -383*b - 2678. Calculate n(-7).
3
Let u(c) = -91*c + 70. What is u(7)?
-567
Let x(r) = r**3 + 30*r**2 + r + 12. Determine x(-30).
-18
Let j(u) = 4*u**2 + 397*u + 3347. Give j(-90).
17
Let d(y) = y**3 + 74*y**2 + 326*y + 8022. Calculate d(-71).
-1
Let u(d) = -9*d**2 + 217*d - 217. Calculate u(1).
-9
Let q(u) = -u**2 - 371*u + 1874. Give q(5).
-6
Let x(r) = -18*r + 153. Calculate x(7).
27
Let p(y) = -18*y - 1802. Determine p(-100).
-2
Let w(s) = -5*s**2 + 114*s + 716. Give w(-5).
21
Let b(j) = -702*j + 5. Determine b(0).
5
Let a(x) = -1836*x - 23862. Give a(-13).
6
Let z(g) = g**3 + g**2 - 19. Calculate z(0).
-19
Let t(v) = 33*v + 887. Calculate t(-26).
29
Let c(r) = 12115*r - 84796. Calculate c(7).
9
Let f(n) = n**2 - 170*n + 7082. Give f(73).
1
Let c(y) = 80*y - 1207. Calculate c(15).
-7
Let w(f) = f**3 + 6*f**2 - 28*f - 3. What is w(-10)?
-123
Let y(i) = 5*i**3 - 3*i**2 - 119*i + 122. What is y(1)?
5
Let z(y) = -6*y**2 + y + 29. Calculate z(-10).
-581
Let q(o) = -42*o - 8. Determine q(-2).
76
Let h(t) = -t**2 - 26*t + 72. Calculate h(-21).
177
Let a(g) = 40*g**3 + g**2 - 6*g + 6. Give a(0).
6
Let c(w) = -28*w**2 - 18*w - 17. Calculate c(-5).
-627
Let p(g) = -g**3 + 46*g**2 - 300*g - 27. Determine p(8).
5
Let y(g) = 4*g**2 - 87*g - 957. Calculate y(-8).
-5
Let p(l) = -l**3 + 68*l**2 - 159*l + 1904. What is p(66)?
122
Let l(w) = 6*w**2 - 3*w - 4. What is l(-5)?
161
Let r(y) = 10*y**2 + 249*y + 220. Determine r(-24).
4
Let f(z) = -z**3 + 12*z**2 + 6*z - 5. Calculate f(13).
-96
Let t(w) = 75*w + 413. Give t(-6).
-37
Let s(u) = 5*u**2 + 6*u + 92. Give s(-10).
532
Let t(l) = l**2 + 49*l + 409. Calculate t(-38).
-9
Let f(q) = -q**2 + q + 1258. Give f(-35).
-2
Let y(i) = 30*i**2 - 63*i + 4. Determine y(5).
439
Let z(h) = h**3 - 5*h**2 - 12*h - 4. Give z(-4).
-100
Let f(k) = -k**3 - 2*k**2 + 97*k - 77. Calculate f(0).
-77
Let r(h) = 275*h - 1647. Give r(6).
3
Let x(n) = -132*n + 1128. Calculate x(8).
72
Let d(m) = 34*m**2 + 519*m + 12. What is d(-15)?
-123
Let y(k) = k**2 - 26*k + 175. Calculate y(11).
10
Let z(b) = b**3 + 76*b**2 - 52*b - 9527. Determine z(-75).
-2
Let a(o) = -133*o**2 + 1027*o + 291. Determine a(8).
-5
Let z(s) = -s**3 - 122*s**2 + 252*s + 500. Calculate z(-124).
4
Let q(r) = r**2 + 16*r - 59. Give q(-20).
21
Let d(w) = -2834*w + 39676. What is d(14)?
0
Let n(s) = -s**3 + 20*s**2 - 61*s - 22. Calculate n(16).
26
Let u(h) = 2*h**2 + 6*h - 260. Determine u(-13).
0
Let v(x) = -76*x**2 - 374*x + 18. What is v(-5)?
-12
Let o(s) = s**3 + 50*s**2 - 58*s - 136. What is o(-51)?
221
Let c(u) = 172*u**3 - 8*u**2 + 8*u + 10. Determine c(-1).
-178
Let g(n) = -13*n**2 + 343*n + 216. What is g(27)?
0
Let u(z) = 42*z - 63. Calculate u(5).
147
Let t(v) = -v**2 + 27*v + 72. Give t(25).
122
Let k(t) = t**2 + 10*t - 145. Give k(14).
191
Let w(y) = 2*y**3 + 7*y**2 - y - 1. Calculate w(-5).
-71
Let b(c) = 2366*c + 2370. Determine b(-1).
4
Let o(k) = 3*k**2 - 165*k + 536. Determine o(54).
374
Let v(d) = -276*d + 6306. Give v(23).
-42
Let t(v) = -v**2 - 9*v + 16. Determine t(7).
-96
Let q(i) = -i**3 - 9*i**2 + 28*i - 18. What is q(2)?
-6
Let h(k) = -11*k**3 - 81*k**2 - 40*k - 150. What is h(-7)?
-66
Let t(y) = -3*y**2 - 25*y + 7. Give t(-11).
-81
Let v(w) = -5*w**3 - 8*w**2 - 15*w - 8. Give v(0).
-8
Let w(s) = s**2 - 793*s - 1. Determine w(0).
-1
Let c(y) = 3*y**3 - 14*y**2 - 27*y + 14. Determine c(6).
-4
Let p(t) = 1901*t + 188184. Give p(-99).
-15
Let p(u) = u**3 - 6*u**2 + 22*u - 140. Calculate p(6).
-8
Let o(a) = 4*a**3 + 101*a**2 + 31*a + 163. Determine o(-25).
13
Let x(k) = -902*k + 895. Determine x(1).
-7
Let o(n) = -33*n**3 - 10791*n**2 + n + 323. What is o(-327)?
-4
Let t(w) = -w**2 + 115*w + 478. Give t(119).
2
Let m(d) = d**3 - 8*d**2 - 127*d - 5. Determine m(-8).
-13
Let h(v) = -2*v**3 - 21*v**2 - 62*v - 2. What is h(-4)?
38
Let b(g) = -g**3 - 10*g**2 - 22*g - 110. What is b(-10)?
110
Let y(g) = 2*g**3 - 40*g**2 + 185*g - 21. Give y(7).
0
Let c(y) = -10*y + 14. What is c(-7)?
84
Let s(v) = -v**3 - 8*v**2 + 35*v - 98. Give s(4).
-150
Let z(b) = 281*b + 13195. What is z(-47)?
-12
Let c(d) = d**2 - 7*d - 264. Determine c(20).
-4
Let f(v) = -13*v - 83. Determine f(-6).
-5
Let i(t) = t**2 + 20*t + 47. Give i(-8).
-49
Let u(g) = -g**3 - g**2 + 53*g - 82. Calculate u(5).
33
Let r(s) = -7*s**2 - 58*s - 36. What is r(-6)?
60
Let z(q) = 29*q - 